7*q. What is the units digit of q?
5
Suppose 2*q - 4*c - 22 = 0, -c = c - 2. What is the tens digit of q?
1
What is the tens digit of ((-12)/21 - 0) + 1776/21?
8
Suppose -8 + 3 = -5*m. What is the units digit of 6/(m + (2 - 2))?
6
Let k = 1 - -8. Let p(h) = 2*h**3 - 25*h**2 + 20*h + 26. Let b(g) = g**3 - 13*g**2 + 10*g + 13. Let z(q) = -5*b(q) + 3*p(q). What is the tens digit of z(k)?
2
Suppose 3*d = -0*p - p + 1023, -4*d + 1364 = 3*p. What is the hundreds digit of d?
3
Suppose 4*j = -0*j + 4. Suppose x = 2 + j. What is the units digit of x?
3
Let c(l) = -6 + 2*l + l**2 + l + 0*l**2. Let r = 9 + -14. What is the units digit of c(r)?
4
Let v = 6 + -12. Let i = 15 - 23. Let g = v - i. What is the units digit of g?
2
Let i = -20 + -4. Let x = 35 + i. What is the units digit of x?
1
Suppose -2*j - 6*d + d = 9, -j - d = 0. Suppose -2*i - 18 = -2*l, j*l - 4*l = 2*i - 18. What is the units digit of l?
2
Let c = 16 - 14. Let j(w) = -w**2 - 5*w + 6. Let m be j(-6). Suppose d + 6 = 5*h, d - 3 = c*h - m*h. What is the units digit of d?
9
Let b = 100 + -177. Let y be b/(-2) + (-1)/2. Let l = -26 + y. What is the units digit of l?
2
Suppose -x + 14 = x. What is the units digit of x?
7
Let z be 130/18 - (-6)/(-27). What is the tens digit of (-1024)/(-56) + (-2)/z?
1
Let p(q) = q**2 - 11*q + 13. Let o = -20 - -31. What is the tens digit of p(o)?
1
Suppose -5*x = 6*x - 473. What is the units digit of x?
3
Let w be 5/(0 + (-1)/(-1)). Let m be ((-1)/(-2))/(w/140). Suppose 0*h = h - m. What is the units digit of h?
4
Let q(f) = -f**3 - 6*f**2 - 6*f - 3. Let b be q(-5). Suppose b*v - 3 = v. What is the units digit of v?
3
Let u = 9 + -9. Let v = u - -4. What is the units digit of v?
4
Suppose 0 = -6*j + 3 + 3. What is the units digit of j?
1
Suppose o - 16 = -3*o. Suppose 0 = o*r - 7*r + 6. What is the units digit of (-1)/((-11)/5 + r)?
5
Let s be 0/1 + -5 + 10. Suppose 2*l = 4*z - 2*l - 52, 2*z - 38 = s*l. What is the units digit of z?
9
Suppose 3*w = -0*w. Suppose -r + w*r + 5 = 0. What is the units digit of r?
5
What is the units digit of 2/(-4)*-8 - -14?
8
Let t(q) = -3*q**3 - 6*q**2 + 8*q + 27. What is the tens digit of t(-6)?
1
Let c = 104 + -4. What is the hundreds digit of c?
1
Suppose -3*w - 4*m - 4 = 0, 2*w - 5*m = -10*m - 5. Suppose -2*h + w = -2. Suppose 0 = 5*g + h - 111. What is the units digit of g?
2
Let r(t) = t - 7. Let k be r(9). What is the units digit of -2 - ((-126)/3)/k?
9
Suppose -780 = 4*q - 9*q. Suppose 13*w - 16*w = -q. What is the units digit of w?
2
Let l be 30/(-9) + (-4)/6. Let h = l - -6. What is the units digit of 1 - (12*h)/(-3)?
9
Let v(j) = -j**3 - 2*j**2 - 2*j. Let s be v(-2). Let a = -6 - -16. Suppose -3*x - s*r + a = 0, 2*x = 7*x + 5*r - 25. What is the tens digit of x?
1
Suppose 109 + 89 = 3*d. What is the tens digit of d?
6
Let s be -2 + (10 - 1 - 2). Suppose -2*r + 0*h + s*h + 34 = 0, -h = 0. Suppose -2*d + 4 = 2*p - 2, -r = -3*p - d. What is the units digit of p?
7
Let m(g) = -g**2 + 4*g + 1. Let j be m(5). Let z = 6 + j. What is the units digit of z?
2
Suppose 5*c - 89 = -9. Let i = c + 14. What is the units digit of i?
0
Let y(t) = 18*t**2 - 6*t + 7. What is the units digit of y(2)?
7
Let a = -4 - -3. What is the units digit of -10*(a - 1/2)?
5
Suppose 3*s + 4 - 14 = -2*x, 4*s - 40 = 4*x. What is the units digit of s?
6
Suppose i + 1 - 9 = 0. Suppose i*r - 70 = 3*r. What is the units digit of r?
4
Suppose t + 105 = 2*r, -6*r - 5*t + 135 = -4*r. What is the units digit of r?
5
Let z be (-2)/(-3) + 32/6. What is the units digit of 1 + (z - (-2 + 3))?
6
Let s(m) = -41*m - 1. Let t be s(-1). Let v = t - 23. What is the units digit of v?
7
Let s = -19 + 28. Let b(v) = 6*v - 21. What is the units digit of b(s)?
3
Let b(o) = 8*o**2 + 8*o + 1. What is the tens digit of b(-3)?
4
Let p(t) = t**3 + 11*t**2 + 2. Let m be p(-11). Suppose 4*h + 106 = m*u, -h - 2*u - 3 - 26 = 0. What is the units digit of (-156)/h + (-2)/(-9)?
6
Let b = -225 - -332. What is the units digit of b?
7
Let c = -33 + -21. Let u be (-4)/3*c/4. Suppose -4*j - 3*v = -39, -v + u = 2*j - 3. What is the tens digit of j?
1
Suppose -14*d = -16*d + 2. What is the units digit of d?
1
Let p(k) = -k**2 + 5*k + 16. Let l be p(7). Suppose y = l*y - 7. What is the units digit of y?
7
Let c = -2 - -9. Let h = -3 - c. Let r = 15 + h. What is the units digit of r?
5
Let c = -12 - -8. Let j(g) be the third derivative of -g**4/24 + g**3/2 - g**2. What is the units digit of j(c)?
7
Suppose c + 3*c = 16. Suppose -5*g - 2*y - 3*y + 35 = 0, c*g = 5*y + 1. Suppose g*p = 4*b - 64, -p = -1 + 4. What is the units digit of b?
3
Let v(y) = -y**2 - 22*y - 29. What is the units digit of v(-14)?
3
Suppose 0 = 3*a - 49 - 32. What is the units digit of a?
7
Let x(d) = d**2 + 12*d + 18. What is the units digit of x(-13)?
1
Suppose -4*a + 4*i = 24, 2*a + i + 7 = 2*i. Let g be a + 1/(-3)*-3. Suppose 1 = -b, g = 3*r - 3*b - 15 + 3. What is the units digit of r?
3
Let q = -7 + 10. Let o = 15 - q. What is the tens digit of o?
1
Let l(p) = 5 + 0*p - p**3 - 3*p + 6*p + 0*p**3 - 2*p**2. What is the tens digit of l(-4)?
2
Suppose -7 = -n - g + 2, 2*n + 2 = 2*g. Suppose 5*k = 6 + n, -b + k - 2 = 0. Suppose 2*q - 12 + 2 = b. What is the units digit of q?
5
Let v be (-20)/(-3)*(-24)/(-20). What is the tens digit of 204/16 + 2/v?
1
Let a(q) = -q**2 - 6*q + 9. Let p be a(-7). What is the tens digit of 0 + p/(6/33)?
1
Let m = -4 + 16. Suppose -103 = -3*b - 10. Suppose 5*x - b = -2*w, 4*w + 2*x + m - 34 = 0. What is the units digit of w?
3
What is the units digit of (-2 + 5)/((-3)/(-3))?
3
Let s(n) be the third derivative of -1/12*n**4 + 0 + 7/60*n**5 + 0*n + 4*n**2 - 7/6*n**3 + 1/120*n**6. What is the units digit of s(-7)?
7
Let p(a) = a**3 + 6*a**2 + 2*a - 7. Let n be p(-5). Let t(y) = -y**2 + 9*y - 2. What is the units digit of t(n)?
6
Let c be -2 - (-204)/(6 - 3). Suppose l = -2*x - 3*x + c, -5*x = -4*l + 164. What is the units digit of l?
6
Suppose 0 = 3*o + 5*i - 0*i - 41, -24 = -4*o + i. What is the units digit of (-8)/6*(1 - o)?
8
Let y be -1 + 20/(-1 - -3). Suppose 0 = -3*z + y, -2*p + 2*z - 36 = -5*p. What is the tens digit of p?
1
Let k(z) = 2*z + 3. Let y be k(11). Suppose 2*h + 5*l = -0*l + 9, 3*h - 4*l - y = 0. What is the units digit of h?
7
What is the tens digit of 6/15 + 713/5?
4
Let u(o) = 4*o + 2 + 1 - 6*o - 4. Let h be u(-3). Suppose h*m - 8 = m. What is the units digit of m?
2
Suppose -5*g + 34 = 2*r, -2*r = -4*r + 2*g + 34. What is the tens digit of r?
1
Let n = -182 - -112. Let z = 103 + n. What is the units digit of ((-8)/12)/((-2)/z)?
1
Let s(d) = -d**3 - 6*d**2 - 3*d + 4. Let f be s(-6). Let p = f + 18. What is the units digit of p?
0
Let g = -1 - -3. Suppose 0 = -i - 8 + g. What is the units digit of (-2)/i - (-16)/6?
3
Let w(h) = -9*h + 9. Let b be 1/(0 + (-4)/16). What is the units digit of w(b)?
5
Let g be 1 + -15 + (-1)/1. Suppose -k = k - 5*x - 23, -5*x - 29 = 4*k. What is the units digit of (-2)/(g/(-21) + k)?
7
Let b be (-8)/6*6/(-4). Let n be (-1)/b + (-1)/(-2). Suppose 4*g - 4 = -n. What is the units digit of g?
1
Let o(j) = 5*j - 12. What is the tens digit of o(8)?
2
Suppose -h + 5*r + 124 = 0, 0 = -5*h - r - 4*r + 770. What is the hundreds digit of h?
1
Let h(u) be the third derivative of -u**4/24 - 5*u**3/6 + 3*u**2. Let m be h(-5). Suppose -5*v + 4*z + 38 = m, 4*v - 4*z = 9 + 23. What is the units digit of v?
6
Let b = 137 - 72. What is the units digit of b?
5
Let n(z) = 11*z. Suppose 0 = c + 4*p - 17, -3*c - c + 2*p - 4 = 0. What is the units digit of n(c)?
1
What is the tens digit of (-7)/(4 + 132/(-32))?
5
Let a = 73 + 110. What is the tens digit of a?
8
Suppose -6 = 5*t + 4. What is the units digit of (-6)/t + 5/1?
8
Let h = 6 - 3. Let v be (2 - 0) + 1*-2. Suppose h*n + v = 12. What is the units digit of n?
4
Let r = 10 + -5. Let h(k) = -k**3 + 6*k**2 - 2*k - 3. What is the tens digit of h(r)?
1
Let y(f) = -24*f - 10. What is the units digit of y(-3)?
2
What is the units digit of (-1)/(-3)*69 + 3?
6
Let m = -41 + 84. Suppose 4*s - 105 = m. What is the units digit of s?
7
Let w be 3 + (-3)/6*0. Suppose -4*b + a - w + 4 = 0, -4 = -2*b + 4*a. Suppose -5*z + 52 + 8 = b. What is the tens digit of z?
1
Let b be 4/18 - 136/(-36). Suppose b*u - 24 = -8. Suppose 64 =